 is 4712db - -3?
471300
In base 13, what is a01b13a + 0?
a01b13a
In base 6, what is -10 - 23403110?
-23403120
In base 3, what is 12 - 121222000201020122?
-121222000201020110
In base 4, what is -33303 - -2220132?
2120223
In base 11, what is 32510928 - -6?
32510933
In base 10, what is -19806175 + -1?
-19806176
In base 3, what is 1001021121 + -1111100001?
-110001110
In base 4, what is 330110220202013 + -10?
330110220202003
In base 10, what is -30298146 + 9?
-30298137
In base 13, what is 1b6a49 - -641?
1b738a
In base 5, what is 3234234430 - 113?
3234234312
In base 14, what is -1 - 3c0936?
-3c0937
In base 9, what is -2312 - 3224?
-5536
In base 2, what is -10111111010010000001 + -10001?
-10111111010010010010
In base 11, what is 50 + 910383?
910423
In base 9, what is 5 + 6207328?
6207334
In base 4, what is 2 + -12113133112?
-12113133110
In base 3, what is -2022 + -2021222221120?
-2022000000212
In base 2, what is -100111010100100 + -1110001001000?
-110101011101100
In base 16, what is 68a6 - -16b1?
7f57
In base 9, what is 115103755 - -3?
115103758
In base 2, what is 111000111 - -11000110010011110?
11000111001100101
In base 5, what is -1013131 - -121202?
-341424
In base 6, what is 2 + 20522344?
20522350
In base 8, what is -3034 + 13734?
10700
In base 7, what is -102 + -102424656?
-102425061
In base 12, what is -4939 + 1330?
-3609
In base 2, what is 1100100010 + -100110000100001?
-100100011111111
In base 13, what is 52 + 8080c?
80861
In base 5, what is -2 + 224404141?
224404134
In base 11, what is -136991476 - 4?
-13699147a
In base 4, what is -21321302 - 12002?
-21333310
In base 15, what is -b100 - 58?
-b158
In base 4, what is 2 + -200222101020?
-200222101012
In base 14, what is -3c + 3090a?
308ac
In base 5, what is -4203342 - 13144?
-4222041
In base 7, what is 340313512 + -5?
340313504
In base 4, what is -11 - 113112202302?
-113112202313
In base 16, what is 73bd - 41d?
6fa0
In base 3, what is 1222221110 + 20122?
2000012002
In base 10, what is -179 + -1301129?
-1301308
In base 11, what is 858926 + -2?
858924
In base 4, what is 102230 + 1231100?
1333330
In base 14, what is 10 - 9ac31?
-9ac21
In base 5, what is 10 - -34041330440?
34041331000
In base 3, what is 222 + 121002101100210?
121002101101202
In base 13, what is -419 - 232a0?
-236b9
In base 4, what is 223122222332 + -100?
223122222232
In base 4, what is -302003322 + -11202?
-302021130
In base 4, what is 10203002 - 10210?
10132132
In base 5, what is 4441120244 + 32?
4441120331
In base 10, what is 27 + -1672779?
-1672752
In base 13, what is -1530a78 - 4?
-1530a7c
In base 8, what is 5 + -3545332?
-3545325
In base 4, what is -3 - -223131010231?
223131010222
In base 5, what is 1011203 + 132140?
1143343
In base 5, what is -1 - 231422041332?
-231422041333
In base 9, what is 11 - 1447303?
-1447282
In base 3, what is 1102222 + 2020012110?
2021122102
In base 3, what is -212222100 + 102101?
-212112222
In base 6, what is 3230401 - 30?
3230331
In base 5, what is 2000 - -1113232?
1120232
In base 9, what is -25 + 1048822?
1048786
In base 12, what is a271376 - 0?
a271376
In base 4, what is 1223300 + 101120?
1331020
In base 15, what is 37c3 + 159?
392c
In base 15, what is -1 - -1bbc4e?
1bbc4d
In base 3, what is 2 - -11210022011221?
11210022012000
In base 6, what is -212322 - 14420?
-231142
In base 9, what is -5 + 7545576?
7545571
In base 4, what is -2 - 3023031013211?
-3023031013213
In base 11, what is -1338592a + 5?
-13385925
In base 13, what is -1 + 2ba07056?
2ba07055
In base 8, what is -3007433066 - -4?
-3007433062
In base 7, what is -3523122 + 1501?
-3521321
In base 6, what is -3343 - 1525422?
-1533205
In base 15, what is -4e7cc - 2c?
-4e809
In base 16, what is 38 - -30d800?
30d838
In base 11, what is 19442 + 226?
19668
In base 9, what is -6641848 - -7?
-6641841
In base 9, what is -37250162 + -3?
-37250165
In base 2, what is -111111010 - -1000101110100101?
1000100110101011
In base 13, what is -12ac74 + -686?
-12b62a
In base 12, what is 22 - -7bb501?
7bb523
In base 15, what is -435d4 - b?
-435e0
In base 9, what is -35421 - 1807?
-37328
In base 5, what is 420114413 - -31?
420114444
In base 15, what is 5 - -4b0d67?
4b0d6c
In base 16, what is 1 + 386df79?
386df7a
In base 9, what is -233884 + 22?
-233862
In base 3, what is 22111112 - 212212?
21121200
In base 8, what is 20233344 + 35?
20233401
In base 9, what is 2 + 2058167?
2058170
In base 5, what is 11 + 10313433?
10313444
In base 9, what is 5301570 - -3?
5301573
In base 8, what is -1444365 + 121?
-1444244
In base 3, what is 210212020200200 + 0?
210212020200200
In base 9, what is 57522642 - 2?
57522640
In base 5, what is 1004311 - 22114?
432142
In base 11, what is 20097 + -5967?
15230
In base 12, what is -1 - -1347502?
1347501
In base 8, what is 12741 + 2237?
15200
In base 8, what is 73 - 1420366?
-1420273
In base 11, what is -12 + -2658902?
-2658914
In base 7, what is -20 + -165056012?
-165056032
In base 4, what is 11 - -2201332032?
2201332103
In base 2, what is -100101101000010110100000111 - 100?
-100101101000010110100001011
In base 7, what is 11440632 + 10?
11440642
In base 13, what is 8277 + 1303?
957a
In base 11, what is -9 - -1145593?
1145585
In base 8, what is 31 + 2022466?
2022517
In base 11, what is -28 + a27a93?
a27a66
In base 9, what is 71455 - 2404?
68051
In base 10, what is 56907282 + -4?
56907278
In base 10, what is 106 - 531255?
-531149
In base 13, what is -cc + -21bab?
-21caa
In base 16, what is 4c - 41b4f0?
-41b4a4
In base 7, what is -110345 + -150?
-110525
In base 13, what is 5340 - -644b?
b78b
In base 11, what is 8226 - 675?
7661
In base 14, what is 2200a - 75?
21d75
In base 6, what is -22350 + 1402?
-20544
In base 15, what is 16b9b8 + -2?
16b9b6
In base 10, what is 6 + 1480788?
1480794
In base 10, what is 2 - 8739125?
-8739123
In base 14, what is 21c5 + 5d0?
27b5
In base 12, what is -10885a5 - -1b?
-1088586
In base 4, what is 10221033133 - 1?
10221033132
In base 15, what is d4 - 22b9d?
-22ab9
In base 9, what is 5406482 + 202?
5406684
In base 10, what is -14463776 - -3?
-14463773
In base 4, what is 32012 - 2023110?
-1331032
In base 13, what is 4a0bb - -29?
4a117
In base 2, what is 101100000000010 - 1111001010110?
11100110101100
In base 6, what is -31 - 12130303?
-12130334
In base 8, what is 7463261 - -62?
7463343
In base 14, what is -50 + dc9c?
dc4c
In base 11, what is 65 - a18?
-963
In base 5, what is -2 - 132331403?
-132331410
In base 13, what is 3331b2 + 18?
3331ca
In base 2, what is 10111 + 10010000110110000?
10010000111000111
In base 11, what is 291665 - -225?
29188a
In base 9, what is -26 - -64166?
64140
In base 3, what is 1111001211220 - 10?
1111001211210
In base 13, what is -3 - 12a388?
-12a38b
In base 11, what is -422862259 - 4?
-422862262
In base 10, what is -2 + -23846703?
-23846705
In base 16, what is 9 + 49a2b?
49a34
In base 7, what is -1 - 62610?
-62611
In base 10, what is -1186770 - 893?
-1187663
In base 2, what is -111010001 + -10110100001111011010?
-10110100010110101011
In base 5, what is 4431 - 1301403?
-1241422
In base 6, what is 2254511 - 151?
2254320
In base 6, what is -214555150 - 104?
-214555254
In base 8, what is 23757 - -7455?
33434
In base 15, what is -c - -10a6e3?
10a6d6
In base 10, what is 1374349 - -17?
1374366
In base 6, what is 222230524 - -5?
222230533
In base 3, what is 2201 + -20110122102?
-20110112201
In base 8, what is 13751667 + 0?
13751667
In base 6, what is -135142523 - 5?
-135142532
In base 6, what is 102401 + -25135?
33222
In base 2, what is 101 - -1000011100100001010000001110?
1000011100100001010000010011
In base 3, what is 2110221110021 - 2122?
2110221100122
In base 9, what is -3 + -210535305?
-210535308
In base 6, what is -5301 - 24221?
-33522
In base 2, what is -1110101000010010 - 100001001?
-1110101100011011
In base 13, what is 3 - 1354ca9?
-1354ca6
In base 9, what is 231723 + -340?
231373
In base 5, what is -114123 - 333?
-120011
In base 8, what is 5 - 37123601?
-37123574
In base 3, what is -12 + 10211001101?
10211001012
In base 15, what is -a44a8 + -5?
-a44ad
In base 3, what is 10021200100 - -11220210?
10110121010
In base 10, what is -113 + 208455?
208342
In base 8, what is -42 + 2170604?
2170542
In base 5, what is 333434 - 42124?
241310
In base 2, what is -10 - 11010111101011011000111?
-11010111